6*n(x). Let w be 1 - -3 - 0/(-2). Is r(w) composite?
False
Suppose 0 = -4*d + 4*i + 108256, -i + 16718 + 10336 = d. Is d a prime number?
True
Suppose i = 2*i - 2. Suppose i*x + g = 297, -4*x + 2*g = -0*g - 598. Is x a prime number?
True
Suppose 2*k + 5 = -r + 19, 3*r - 12 = 0. Suppose 5*g - k*u - 2490 = 1515, 4*g + u - 3214 = 0. Is g a composite number?
True
Let w = 57 + -37. Let g be 30/w*1130/3. Suppose 0*t + 5*t - g = 0. Is t composite?
False
Let v = 222 - 209. Is v a composite number?
False
Let k = 8085 + -4678. Is k a prime number?
True
Suppose 8*c - 5*f = 4*c + 1494, f - 369 = -c. Let i = c + -13. Is i prime?
False
Suppose -3*u = -3*i - 0*i - 21, -44 = 4*i + 4*u. Let x = i - -11. Suppose 2*l - x*f - 882 = 3*f, l - 443 = 3*f. Is l a composite number?
False
Suppose -18*q + 284907 = 3*q. Is q composite?
False
Let w = -9 + 9. Suppose w = -2*q + 4*s - 22, -3*s - 23 = 2*q + 34. Is ((-9)/27)/(1/q) prime?
True
Suppose -3*j + 3*m - 6 = -2*m, 4*j - 21 = -3*m. Suppose j*n = n + 2362. Suppose 0 = 3*g + 2*k - 4*k - n, -5*k + 1195 = 3*g. Is g a prime number?
False
Let v = 185881 + -99372. Is v a prime number?
True
Let c = 14 + -11. Suppose -n = c*n. Suppose 363 = 3*k - n*k. Is k a prime number?
False
Let d(k) = 341*k**2 + 12*k - 4. Is d(-5) prime?
True
Suppose -m + 2 = -16. Let g = -32 + m. Is (-4)/(-28) + (-6340)/g a prime number?
False
Suppose -15869 = -h - 0*h. Is h a prime number?
False
Is 118*(-26)/6*3/(-2) prime?
False
Let c = -1830 + 3253. Is c a composite number?
False
Suppose o + 64 = -202. Let a = 385 + o. Is a a composite number?
True
Let y(t) = -97*t**3 - 3*t**2 + 9*t + 21. Is y(-2) a composite number?
True
Suppose 76*x - 161625 = 287003. Is x prime?
True
Let d(l) be the first derivative of -l**4/4 - 2*l**3/3 - l**2 + 12*l + 17. Is d(-9) composite?
True
Suppose 85*c - 83*c + s = 1353, -4*s - 2035 = -3*c. Is c composite?
False
Let z(a) = a**2 - 6107. Let v be z(0). Let d = 8724 + v. Is d a composite number?
False
Suppose -4*d - d + 2525 = 2*f, -2*d + 5*f = -1039. Let t(q) = 6*q**2 - 11*q - 1. Let i be t(7). Suppose -m = 2*l - 91, 3*m - d = 3*l - i. Is m a prime number?
False
Suppose 22 = 2*t + 10. Is (-16)/t*7/(56/(-2334)) a composite number?
True
Suppose 0 = -f + 7 - 4. Suppose -b = -f*r + b + 387, -3*r + 390 = -b. Is r a prime number?
True
Let d(a) be the third derivative of -17*a**4/24 + 25*a**3/6 - a**2. Is d(-6) prime?
True
Let n = 0 - 0. Suppose y = -y. Suppose 2*c + y*c - 578 = n. Is c a prime number?
False
Let i(a) = 138*a + 53. Is i(15) a prime number?
False
Suppose -2*b - 5*l = -7*b - 660, -b = -5*l + 120. Is (9*b)/(-3) + -4 prime?
True
Let c(a) = 45*a**2 - 24*a + 65. Is c(6) prime?
False
Is (3802/8)/((-38)/(-304)) a prime number?
False
Suppose -n = -7*y + 3*y - 1171, -3*y - 15 = 0. Is n a composite number?
False
Let d be -8 - (-8 + 5) - -12190. Suppose -39*g + 44*g - d = 0. Is g a prime number?
True
Suppose -484223 = -64*a + 21*a. Is a a prime number?
True
Suppose 4*h - 4 = 3*o - 15, -h - 6 = -4*o. Let z be 2 + 461*(0 + o). Let k = z - -8. Is k composite?
True
Let j = 13 + -8. Suppose 504 + 391 = j*t. Is t a prime number?
True
Let g(z) = 50*z + 13. Suppose -3 = -2*q + r, 32 = 3*q + 4*r - 0. Is g(q) a prime number?
False
Suppose -c + 46787 = 5026. Suppose -4*z - c = -5*a, -a + 11405 - 3055 = -3*z. Is a a composite number?
False
Suppose 0 = 3*q - 4*w - 41439, -2*q - 2*q + 55252 = -3*w. Is q a prime number?
False
Suppose -57*f + 361998 + 503889 = 0. Is f a composite number?
True
Let t = 32 - 30. Is (-3)/(-4 + t - (-99)/51) composite?
True
Suppose 2*z + 121823 = 17*q - 14*q, 162426 = 4*q - 5*z. Is q composite?
False
Let l = -4 - -4. Suppose -3*k + 0 + 12 = l. Suppose 5*r + 8 - 180 = -3*i, k*i + 4 = 0. Is r composite?
True
Suppose -5*u + 3*l + 173860 = 0, -2*u + l + 69533 = 2*l. Is u composite?
True
Suppose 4*q - 22 - 10 = -5*y, 2*q + 6 = 3*y. Suppose -736 = -5*m + q*b + 18, -2*m + 292 = 2*b. Is m a prime number?
True
Let u = -1102 - -588. Let w = 1209 + u. Is w a prime number?
False
Let z = 46 - 46. Suppose -5*n + 6*n - 319 = z. Is n composite?
True
Let w(t) = -t + 2. Let b be w(-2). Is 5/((b/10)/(7798/35)) a composite number?
True
Let y = 34 + -35. Is (1/6)/y - (-9350)/12 prime?
False
Let t = -2302 + 4056. Is t composite?
True
Let b(g) = 5*g**2 - 10*g + 7. Let m(f) = -f - 13. Let w be m(-4). Is b(w) prime?
False
Suppose -258 = -5*n - 2*y + 454, -n + 4*y = -160. Is (n + 4)/4*29 prime?
False
Let y = -14234 + 31105. Is y a composite number?
False
Suppose -9*w - 6396 = -20742. Is w composite?
True
Is 3 + (-7)/((-35)/(-20)) + 41290 a composite number?
True
Let b be 7 + 0 + 6/(-2). Let y(p) = -15*p - b - 5*p + 3*p. Is y(-7) composite?
True
Let y = 1595 + -682. Is y a composite number?
True
Let j(b) = b**3 - 18*b**2 - b + 17. Let w(u) = 3*u**2 + 3*u + 2. Let d be w(-3). Is j(d) composite?
False
Suppose 0 = 5*n - 164 - 251. Let p = 339 + n. Suppose 0 = 2*o - 0*o - p. Is o composite?
False
Let b = -2170 - -4248. Is b prime?
False
Let y be 75/9 - (-4)/(-12). Suppose -2*d = -0*p - 4*p - y, -4*p = -12. Is d prime?
False
Let m(p) = -26*p - 1. Let h be m(-10). Let o = 524 - h. Is o prime?
False
Let q(n) = -n**2 + 5*n + 6. Let d be q(5). Let h(g) = -4*g**2 - d - 1 + g + 3*g**3 + 6. Is h(3) a composite number?
False
Let l(g) = 99*g - 7. Let x be l(8). Let j = 10 + -5. Suppose 2430 - x = j*k. Is k a composite number?
True
Let i = -7 + 7. Suppose i = 8*c - 0*c - 11048. Is c a composite number?
False
Let x(h) = -3*h**3 - 11*h**2 + 9*h - 20. Is x(-13) prime?
False
Let r(x) = x**3 - 61*x**2 - 83*x - 17. Is r(64) prime?
True
Let z be 647 + 0 + (-3)/(-1). Let t = 1089 - z. Is t prime?
True
Let y(r) = r**3 + 18*r**2 - 39*r - 16. Let h be y(-20). Is 2/(h/(-26518)) + (-4)/18 composite?
True
Let x = 14499 - -3248. Is x composite?
False
Let n be -3 - (1 - (-3173)/(-1)). Suppose -y - g = -4*y + n, -y - 5*g = -1035. Is y prime?
False
Let x = 4083 + -424. Is x a composite number?
False
Let n = 79342 + -52595. Is n a composite number?
True
Suppose d - 3*f + 193 - 656 = 0, 0 = 3*d - 3*f - 1359. Suppose -d - 1790 = -3*i. Is i composite?
True
Let c be (1/2)/((-2)/(-2696)). Suppose 6*p = c + 130. Is p a prime number?
False
Let q(y) = 177*y + 13 + 2 - 221*y. Is q(-13) composite?
False
Suppose -45 = -2*r + 7*r - q, 5*q = -4*r - 36. Let z(c) = c**3 + 10*c**2 - 3*c - 2. Let x be z(r). Suppose j = -24 + x. Is j composite?
True
Let m = 364 - -558. Is m prime?
False
Suppose -2*i - 12 = -2*k, 4*i = -4*k + 6*i + 18. Suppose 3*r + 1185 = 6*r - 3*p, 6 = k*p. Is r prime?
True
Suppose 5*h = w + 14, -w = 3*h - 0 - 2. Suppose 0 = -h*f - 5*t + 2123, 6*f - 3*f = 5*t + 3122. Is f prime?
True
Is (-121756)/(-16) + 6/(-8) a prime number?
False
Let v(a) = 39*a**3 + a**2 - 9*a + 9. Let r(q) = -38*q**3 - 2*q**2 + 9*q - 10. Let t(l) = -5*r(l) - 6*v(l). Is t(-3) composite?
False
Let v(x) be the first derivative of 7 + 353*x + 1/2*x**2 - 1/3*x**3. Is v(0) a prime number?
True
Let p = 2356 - 1517. Is p a composite number?
False
Suppose 3*v + 3367 = 3*l + 8*v, -3*l + 3351 = -3*v. Is l composite?
True
Let y(l) = -12*l**2 - 4*l - 13. Let n = -9 + 15. Let r be y(n). Let g = 770 + r. Is g composite?
True
Suppose 0 = -2*n + 6*n - 8. Suppose -n = -3*b + 4. Suppose b*h - 846 = 262. Is h a prime number?
False
Let j(z) be the second derivative of z**5/20 - 19*z**4/12 - 14*z**3/3 - 27*z**2/2 - 29*z. Is j(22) a prime number?
True
Let o(q) = 183*q**2 - 6*q + 31. Is o(-8) prime?
False
Let l(c) = -c**2 - 6*c - 1. Let k be l(-5). Suppose 0*t - 2*t = -k. Let u(s) = 111*s + 1. Is u(t) a composite number?
False
Let r(d) = 89*d**2 + 12*d - 1. Is r(8) composite?
False
Let l = 352 + -172. Let a be (2 - -7)/3 - l. Let j = -91 - a. Is j composite?
True
Suppose 30*s = 818149 - 222919. Is s a composite number?
False
Let l(z) = 920*z + 61. Is l(5) composite?
True
Suppose 0*g - g - 3*l = -55, -g + l + 47 = 0. Let s(m) = -m**3 + 7*m**2 - 6*m + 14. Let j be s(6). Let f = g - j. Is f a composite number?
True
Suppose -5*n = -4*o - 6595, -1358 = 3*n - 2*o - 5315. Is n a prime number?
True
Suppose 20572 = -74*s + 86358. Is s prime?
False
Suppose -4*s + 2 = -14. Suppose s*m + m = -b + 305, -3*m = 3*b - 915. Is b a prime number?
False
Suppose 0 = -5*x + 10 + 10. Suppose 5764 = x*g - 0*g. Is g a composite number?
True
Let u = 